{"id":14,"date":"2023-03-16T14:49:16","date_gmt":"2023-03-16T13:49:16","guid":{"rendered":"https:\/\/karstvelo.sk\/?page_id=14"},"modified":"2026-03-16T13:52:32","modified_gmt":"2026-03-16T12:52:32","slug":"cyklotrasy-na-mape","status":"publish","type":"page","link":"https:\/\/karstvelo.sk\/?page_id=14","title":{"rendered":"Cyklotrasy na mape"},"content":{"rendered":"\n<p><a href=\"https:\/\/www.freemap.sk\/#map=11\/48.613392\/20.585632&amp;layers=X&amp;id=xrUISslC\">https:\/\/www.freemap.sk\/#map=11\/48.613392\/20.585632&amp;layers=X&amp;id=xrUISslC<\/a><\/p>\n\n\n\n<iframe src=\"https:\/\/www.freemap.sk\/#map=11\/48.613392\/20.585632&amp;layers=X&amp;id=xrUISslC&amp;embed=search\" style=\"width: 100%; height: 700px; border: 0\" allowfullscreen=\"\"><\/iframe>\n\n\n\n<p><a href=\"https:\/\/ke.cykloportal.sk\/cyklotrasy-na-mape\/\">https:\/\/ke.cykloportal.sk\/cyklotrasy-na-mape\/<\/a><\/p>\n\n\n\n<h2 class=\"wp-block-heading has-vivid-red-color has-text-color\"><strong>029<\/strong> &#8211; Cyklomagistr\u00e1la Slovensk\u00fd kras<\/h2>\n\n\n\n<p><a href=\"https:\/\/karstvelo.sk\/?page_id=128\">Viac info o trase<\/a><\/p>\n\n\n\n<h2 class=\"wp-block-heading has-vivid-cyan-blue-color has-text-color\"><strong>2701<\/strong> &#8211; \u00dadolie \u010cremo\u0161nej a Slanej<\/h2>\n\n\n\n<p><a href=\"https:\/\/karstvelo.sk\/?page_id=146\">Viac info o trase<\/a><\/p>\n\n\n\n<h2 class=\"wp-block-heading has-vivid-cyan-blue-color has-text-color\"><strong>2702<\/strong> &#8211; Koniarska cyklocesta<\/h2>\n\n\n\n<p><a href=\"https:\/\/karstvelo.sk\/?page_id=149\">Viac info o trase<\/a><\/p>\n\n\n\n<h2 class=\"wp-block-heading has-vivid-cyan-blue-color has-text-color\"><strong>2718<\/strong> &#8211; Z\u00e1dielska chata &#8211; Silica<\/h2>\n\n\n\n<p><a href=\"https:\/\/karstvelo.sk\/?page_id=207\">Viac info o trase<\/a><\/p>\n\n\n\n<h2 class=\"wp-block-heading has-vivid-cyan-blue-color has-text-color\"><strong>2589<\/strong> &#8211; Slavo\u0161ovsk\u00fd tunel<\/h2>\n\n\n\n<p><a href=\"https:\/\/karstvelo.sk\/?page_id=210\">Viac info o trase<\/a><\/p>\n\n\n\n<h2 class=\"wp-block-heading has-vivid-green-cyan-color has-text-color\"><strong>5702<\/strong> &#8211; Voniarky &#8211; Dob\u0161insk\u00e1 \u013eadov\u00e1 jasky\u0148a &#8211; Dob\u0161in\u00e1 &#8211; Ro\u0161t\u00e1r<\/h2>\n\n\n\n<p><a href=\"https:\/\/karstvelo.sk\/?page_id=213\">Viac info o trase<\/a><\/p>\n\n\n\n<h2 class=\"wp-block-heading has-vivid-green-cyan-color has-text-color\"><strong>5703<\/strong> &#8211; Prielom Mur\u00e1\u0148ky<\/h2>\n\n\n\n<p><a href=\"https:\/\/karstvelo.sk\/?page_id=217\">Viac info o trase<\/a><\/p>\n\n\n\n<h2 class=\"wp-block-heading has-vivid-green-cyan-color has-text-color\"><strong>5704<\/strong> &#8211; Domick\u00e1 cyklocesta<\/h2>\n\n\n\n<p><a href=\"https:\/\/karstvelo.sk\/?page_id=220\">Viac info o trase<\/a><\/p>\n\n\n\n<h2 class=\"wp-block-heading has-vivid-green-cyan-color has-text-color\"><strong>5711<\/strong> &#8211; Ple\u0161iveck\u00e1 planina &#8211; Barkaiho chata &#8211; Kru\u017en\u00e1<\/h2>\n\n\n\n<p><a href=\"https:\/\/karstvelo.sk\/?page_id=223\">Viac info o trase<\/a><\/p>\n\n\n\n<h2 class=\"wp-block-heading has-vivid-green-cyan-color has-text-color\"><strong>5724<\/strong> &#8211; Gemersk\u00e1 H\u00f4rka &#8211; Koniarska planina &#8211; Pa\u0161kov\u00e1<\/h2>\n\n\n\n<p><a href=\"https:\/\/karstvelo.sk\/?page_id=478\">Viac info o trase<\/a><\/p>\n\n\n\n<h2 class=\"wp-block-heading has-vivid-green-cyan-color has-text-color\"><strong>5725<\/strong> &#8211; Jablonov nad Tur\u0148ou &#8211; Hru\u0161ov &#8211; Kaplnka sv. Anny<\/h2>\n\n\n\n<p><a href=\"https:\/\/karstvelo.sk\/?page_id=226\">Viac info o trase<\/a><\/p>\n\n\n\n<h2 class=\"wp-block-heading has-vivid-green-cyan-color has-text-color\"><strong>5726 <\/strong>&#8211; Ardovsk\u00e9 zlat\u00e9 bane<\/h2>\n\n\n\n<p><a href=\"https:\/\/karstvelo.sk\/?page_id=229\">Viac info o trase<\/a><\/p>\n\n\n\n<h2 class=\"wp-block-heading has-vivid-green-cyan-color has-text-color\"><strong>5727<\/strong> &#8211; Debra\u010f &#8211; Ladislavova vyviera\u010dka &#8211; Ha\u010dava<\/h2>\n\n\n\n<p><a href=\"https:\/\/karstvelo.sk\/?page_id=232\">Viac info o trase<\/a><\/p>\n\n\n\n<h2 class=\"wp-block-heading has-text-color\" style=\"color:#e0d500\"><strong>8701<\/strong> &#8211; Vy\u0161n\u00e1 Slan\u00e1 &#8211; Rejdov\u00e1<\/h2>\n\n\n\n<p><a href=\"https:\/\/karstvelo.sk\/?page_id=481\">Viac info o trase<\/a><\/p>\n\n\n\n<h2 class=\"wp-block-heading has-text-color\" style=\"color:#e0d500\"><strong>8702<\/strong> &#8211; Ro\u017e\u0148avsk\u00e1 spojka<\/h2>\n\n\n\n<p><a href=\"https:\/\/karstvelo.sk\/?page_id=484\">Viac info o trase<\/a><\/p>\n\n\n\n<h2 class=\"wp-block-heading has-text-color\" style=\"color:#e0d500\"><strong>8703 <\/strong>&#8211; Hrad Kr\u00e1sna H\u00f4rka &#8211; Mauz\u00f3leum<\/h2>\n\n\n\n<p><a href=\"https:\/\/karstvelo.sk\/?page_id=487\">Viac info o trase<\/a><\/p>\n\n\n\n<h2 class=\"wp-block-heading has-text-color\" style=\"color:#e0d500\"><strong>8704 <\/strong>&#8211; Gemersk\u00e1 H\u00f4rka &#8211; Meliata<\/h2>\n\n\n\n<p><a href=\"https:\/\/karstvelo.sk\/?page_id=490\">Viac info o trase<\/a><\/p>\n\n\n\n<h2 class=\"wp-block-heading has-text-color\" style=\"color:#e0d500\"><strong>8706<\/strong> &#8211; Jel\u0161avsk\u00e1 spojka<\/h2>\n\n\n\n<p><a href=\"https:\/\/karstvelo.sk\/?page_id=493\">Viac info o trase<\/a><\/p>\n\n\n\n<h2 class=\"wp-block-heading has-text-color\" style=\"color:#e0d500\"><strong>8707<\/strong> &#8211; Henckovce &#8211; Brd\u00e1rka<\/h2>\n\n\n\n<p><a href=\"https:\/\/karstvelo.sk\/?page_id=496\">Viac info o trase<\/a><\/p>\n\n\n\n<h2 class=\"wp-block-heading has-text-color\" style=\"color:#e0d500\"><strong>8710<\/strong> &#8211; Ardovo &#8211; Silick\u00e1 Brezov\u00e1<\/h2>\n\n\n\n<p><a href=\"https:\/\/karstvelo.sk\/?page_id=499\">Viac info o trase<\/a><\/p>\n\n\n\n<h2 class=\"wp-block-heading has-text-color\" style=\"color:#e0d500\"><strong>8713<\/strong> &#8211; Torna\u013ea &#8211; Aggtelek<\/h2>\n\n\n\n<p><a href=\"https:\/\/karstvelo.sk\/?page_id=504\">Viac info o trase<\/a><\/p>\n\n\n\n<h2 class=\"wp-block-heading has-text-color\" style=\"color:#e0d500\"><strong>8714<\/strong> &#8211; Domica &#8211; Aggtelek<\/h2>\n\n\n\n<p><a href=\"https:\/\/karstvelo.sk\/?page_id=507\">Viac info o trase<\/a><\/p>\n\n\n\n<h2 class=\"wp-block-heading has-text-color\" style=\"color:#e0d500\"><strong>8715<\/strong> &#8211; Hru\u0161ov &#8211; Sz\u00f6gliget<\/h2>\n\n\n\n<p><a href=\"https:\/\/karstvelo.sk\/?page_id=510\">Viac info o trase<\/a><\/p>\n\n\n\n<h2 class=\"wp-block-heading has-text-color\" style=\"color:#e0d500\"><strong>8716<\/strong> &#8211; Tur\u0148a nad Bodvou &#8211; Hos\u0165ovce<\/h2>\n\n\n\n<p><a href=\"https:\/\/karstvelo.sk\/?page_id=513\">Viac info o trase<\/a><\/p>\n\n\n\n<h2 class=\"wp-block-heading has-text-color\" style=\"color:#e0d500\"><strong>8722<\/strong> &#8211; L\u00fa\u010dka<\/h2>\n\n\n\n<p><a href=\"https:\/\/karstvelo.sk\/?page_id=516\">Viac info o trase<\/a><\/p>\n\n\n\n<h2 class=\"wp-block-heading has-text-color\" style=\"color:#e0d500\"><strong>8733<\/strong> &#8211; Silica &#8211; Gombaseck\u00e1 jasky\u0148a<\/h2>\n\n\n\n<p><a href=\"https:\/\/karstvelo.sk\/?page_id=519\">Viac info o trase<\/a><\/p>\n\n\n\n<h2 class=\"wp-block-heading has-text-color\" style=\"color:#e0d500\"><strong>8734<\/strong> &#8211; Jablonov nad Tur\u0148ou &#8211; Hrhovsk\u00e9 rybn\u00edky &#8211; Hrhov<\/h2>\n\n\n\n<p><a href=\"https:\/\/karstvelo.sk\/?page_id=522\">Viac info o trase<\/a><\/p>\n\n\n\n<h2 class=\"wp-block-heading has-black-color has-text-color\"><strong>N8704 <\/strong>&#8211; Talianske fresky na Gemeri<\/h2>\n\n\n\n<p><a href=\"https:\/\/karstvelo.sk\/?page_id=721\">Viac info o trase<\/a><\/p>\n\n\n\n<p><\/p>\n\n\n\n<h1 class=\"wp-block-heading\"><strong>Pripravujeme:<\/strong><\/h1>\n\n\n\n<h2 class=\"wp-block-heading has-vivid-green-cyan-color has-text-color\"><strong>5728 <\/strong>&#8211; Kr\u00e1snohorsk\u00e9 Podhradie &#8211; sedlo \u00dahorn\u00e1 &#8211; Kov\u00e1\u010dov\u00e1<\/h2>\n\n\n\n<h2 class=\"wp-block-heading has-vivid-green-cyan-color has-text-color\"><strong>5730 <\/strong>&#8211; Okruh nad Rozlo\u017enou<\/h2>\n\n\n\n<h2 class=\"wp-block-heading has-text-color has-link-color wp-elements-928858a3d199b4af641cecc2642b0c1d\" style=\"color:#e0d500\"><strong>8744 <\/strong>&#8211; Spojka Koniarska planina &#8211; Rozlo\u017en\u00e1<\/h2>\n\n\n\n<p><\/p>\n","protected":false},"excerpt":{"rendered":"<p>https:\/\/www.freemap.sk\/#map=11\/48.613392\/20.585632&amp;layers=X&amp;id=xrUISslC https:\/\/ke.cykloportal.sk\/cyklotrasy-na-mape\/ 029 &#8211; Cyklomagistr\u00e1la Slovensk\u00fd kras Viac info o trase 2701 &#8211; \u00dadolie \u010cremo\u0161nej a Slanej Viac info o trase 2702 &#8211; Koniarska cyklocesta Viac info o trase 2718 &#8211; Z\u00e1dielska chata &#8211; Silica Viac info o trase 2589 &#8211; Slavo\u0161ovsk\u00fd tunel Viac info o trase 5702 &#8211; Voniarky &#8211; Dob\u0161insk\u00e1 \u013eadov\u00e1 jasky\u0148a &#8211; [&hellip;]<\/p>\n","protected":false},"author":1,"featured_media":0,"parent":0,"menu_order":0,"comment_status":"closed","ping_status":"closed","template":"","meta":{"footnotes":""},"class_list":["post-14","page","type-page","status-publish","hentry"],"_links":{"self":[{"href":"https:\/\/karstvelo.sk\/index.php?rest_route=\/wp\/v2\/pages\/14","targetHints":{"allow":["GET"]}}],"collection":[{"href":"https:\/\/karstvelo.sk\/index.php?rest_route=\/wp\/v2\/pages"}],"about":[{"href":"https:\/\/karstvelo.sk\/index.php?rest_route=\/wp\/v2\/types\/page"}],"author":[{"embeddable":true,"href":"https:\/\/karstvelo.sk\/index.php?rest_route=\/wp\/v2\/users\/1"}],"replies":[{"embeddable":true,"href":"https:\/\/karstvelo.sk\/index.php?rest_route=%2Fwp%2Fv2%2Fcomments&post=14"}],"version-history":[{"count":6,"href":"https:\/\/karstvelo.sk\/index.php?rest_route=\/wp\/v2\/pages\/14\/revisions"}],"predecessor-version":[{"id":757,"href":"https:\/\/karstvelo.sk\/index.php?rest_route=\/wp\/v2\/pages\/14\/revisions\/757"}],"wp:attachment":[{"href":"https:\/\/karstvelo.sk\/index.php?rest_route=%2Fwp%2Fv2%2Fmedia&parent=14"}],"curies":[{"name":"wp","href":"https:\/\/api.w.org\/{rel}","templated":true}]}}