{"id":470,"date":"2023-08-17T08:42:07","date_gmt":"2023-08-17T06:42:07","guid":{"rendered":"https:\/\/karstvelo.sk\/?page_id=470"},"modified":"2023-10-18T22:14:50","modified_gmt":"2023-10-18T20:14:50","slug":"tipy-na-vylety","status":"publish","type":"page","link":"https:\/\/karstvelo.sk\/?page_id=470","title":{"rendered":"Tipy na v\u00fdlety"},"content":{"rendered":"\n<p>Na str\u00e1nke aktu\u00e1lne pracujeme, \u010fakujeme za pochopenie \ud83d\ude42<\/p>\n\n\n\n<p><a href=\"https:\/\/karstvelo.sk\/?page_id=597\">#1 Ple\u0161iveckou planinou<\/a><\/p>\n\n\n\n<p><a href=\"https:\/\/karstvelo.sk\/?page_id=600\">#2 Ku Kaplnke sv\u00e4tej Anny<\/a><\/p>\n\n\n\n<p><a href=\"https:\/\/karstvelo.sk\/?page_id=603\">#3 Koniarskou planinou<\/a><\/p>\n\n\n\n<p><a href=\"https:\/\/karstvelo.sk\/?page_id=606\">#4 \u00dadol\u00edm \u010cremo\u0161nej<\/a><\/p>\n\n\n\n<p><a href=\"https:\/\/karstvelo.sk\/?page_id=609\">#5 Slavo\u0161ovsk\u00fdm tunelom<\/a><\/p>\n\n\n\n<p><a href=\"https:\/\/karstvelo.sk\/?page_id=612\">#6 Brd\u00e1rsky okruh<\/a><\/p>\n\n\n\n<p><a href=\"https:\/\/karstvelo.sk\/?page_id=615\">#7 Ku jaskyni Domica<\/a><\/p>\n\n\n\n<p><a href=\"https:\/\/karstvelo.sk\/?page_id=618\">#8 Ladislavova vyviera\u010dka<\/a><\/p>\n\n\n\n<p><a href=\"https:\/\/karstvelo.sk\/?page_id=621\">#9 Silickou planinou<\/a><\/p>\n\n\n\n<p><a href=\"https:\/\/karstvelo.sk\/?page_id=624\">#10 Na hrad Kr\u00e1sna H\u00f4rka<\/a><\/p>\n\n\n\n<p><a href=\"https:\/\/karstvelo.sk\/?page_id=638\">#11 Prielom rieky Mur\u00e1\u0148<\/a><\/p>\n","protected":false},"excerpt":{"rendered":"<p>Na str\u00e1nke aktu\u00e1lne pracujeme, \u010fakujeme za pochopenie \ud83d\ude42 #1 Ple\u0161iveckou planinou #2 Ku Kaplnke sv\u00e4tej Anny #3 Koniarskou planinou #4 \u00dadol\u00edm \u010cremo\u0161nej #5 Slavo\u0161ovsk\u00fdm tunelom #6 Brd\u00e1rsky okruh #7 Ku jaskyni Domica #8 Ladislavova vyviera\u010dka #9 Silickou planinou #10 Na hrad Kr\u00e1sna H\u00f4rka #11 Prielom rieky Mur\u00e1\u0148<\/p>\n","protected":false},"author":1,"featured_media":0,"parent":0,"menu_order":0,"comment_status":"closed","ping_status":"closed","template":"","meta":{"footnotes":""},"class_list":["post-470","page","type-page","status-publish","hentry"],"_links":{"self":[{"href":"https:\/\/karstvelo.sk\/index.php?rest_route=\/wp\/v2\/pages\/470","targetHints":{"allow":["GET"]}}],"collection":[{"href":"https:\/\/karstvelo.sk\/index.php?rest_route=\/wp\/v2\/pages"}],"about":[{"href":"https:\/\/karstvelo.sk\/index.php?rest_route=\/wp\/v2\/types\/page"}],"author":[{"embeddable":true,"href":"https:\/\/karstvelo.sk\/index.php?rest_route=\/wp\/v2\/users\/1"}],"replies":[{"embeddable":true,"href":"https:\/\/karstvelo.sk\/index.php?rest_route=%2Fwp%2Fv2%2Fcomments&post=470"}],"version-history":[{"count":5,"href":"https:\/\/karstvelo.sk\/index.php?rest_route=\/wp\/v2\/pages\/470\/revisions"}],"predecessor-version":[{"id":647,"href":"https:\/\/karstvelo.sk\/index.php?rest_route=\/wp\/v2\/pages\/470\/revisions\/647"}],"wp:attachment":[{"href":"https:\/\/karstvelo.sk\/index.php?rest_route=%2Fwp%2Fv2%2Fmedia&parent=470"}],"curies":[{"name":"wp","href":"https:\/\/api.w.org\/{rel}","templated":true}]}}